{"id":28,"date":"2014-02-10T22:39:54","date_gmt":"2014-02-10T21:39:54","guid":{"rendered":"http:\/\/www.leadele.be\/?page_id=28"},"modified":"2021-09-06T07:56:09","modified_gmt":"2021-09-06T05:56:09","slug":"conditions-dachat","status":"publish","type":"page","link":"http:\/\/www.leadele.be\/?page_id=28","title":{"rendered":"Conditions d&rsquo;achat"},"content":{"rendered":"<p style=\"text-align: center;\"><span style=\"text-decoration: underline;\"><strong><span style=\"text-decoration: underline;\"><span style=\"font-family: Thread-00001c20-Id-00000170;\">Conditions d&rsquo;achat d&rsquo;un chaton<\/span><\/span><\/strong><\/span><\/p>\n<p>Nous accordons une grande importance au bien-\u00eatre de nos chatons, c&rsquo;est pour cela \u00a0qu&rsquo;ils partent principalement comme <strong>CHAT DE COMPAGNIE<\/strong>.<\/p>\n<p>Dans de rares cas, nous acceptons de c\u00e9der nos chatons pour l&rsquo;\u00e9levage.<\/p>\n<p>Si vous souhaitez acqu\u00e9rir un chaton pour l&rsquo;\u00e9levage, merci de le signaler.<\/p>\n<p>Nos\u00a0b\u00e9b\u00e9s quitteront notre foyer \u00e0\u00a012-13 semaines, en fonction de leur \u00e9volution personnelle.<\/p>\n<p>Ils seront\u00a0<strong>VERMIFUGES<\/strong> et\u00a0<strong>VACCINES<\/strong> 2x contre la Leucose, le Typhus et le Coryza. Ils seront identenfi\u00e9s par une puce \u00e9lectronique et partiront avec un colis chaton pr\u00e9par\u00e9 par nos soins.<\/p>\n<p>Le vaccin\u00a0contre la\u00a0Rage\u00a0peut \u00eatre r\u00e9alis\u00e9 sur demande\u00a0, moyennant suppl\u00e9ment.<\/p>\n<p>Ils seront \u00e9galement\u00a0<strong>PUCES<\/strong> et partiront munis d&rsquo;un\u00a0<strong>PEDIGREE<\/strong> 5 g\u00e9n\u00e9rations.<\/p>\n<p>Si vous \u00eates int\u00e9ress\u00e9 par un de nos chatons, n&rsquo;h\u00e9sitez pas \u00e0 me contacter par mail (<a href=\"mailto:info@leadele.be\">info@leadele.be<\/a>).<\/p>\n<p>Suite \u00e0 la nouvelle loi en vigueur en Belgique depuis le 1er septembre 2014, les chatons qui seront adopt\u00e9s par des particuliers\u00a0 devront \u00eatre st\u00e9rilis\u00e9s.<\/p>\n<p><strong>La r\u00e9servation d&rsquo;un chaton ne sera effective qu&rsquo;apr\u00e8s r\u00e9ception d&rsquo;un acompte, celui-ci n&rsquo;est jamais rembours\u00e9.<\/strong><\/p>\n<p><strong>\u00a0<\/strong><\/p>\n","protected":false},"excerpt":{"rendered":"<p>Conditions d&rsquo;achat d&rsquo;un chaton Nous accordons une grande importance au bien-\u00eatre de nos chatons, c&rsquo;est pour cela \u00a0qu&rsquo;ils partent principalement comme CHAT DE COMPAGNIE. Dans de rares cas, nous acceptons de c\u00e9der nos chatons pour l&rsquo;\u00e9levage. Si vous souhaitez acqu\u00e9rir un chaton pour l&rsquo;\u00e9levage, merci de le signaler. Nos\u00a0b\u00e9b\u00e9s quitteront notre foyer \u00e0\u00a012-13 semaines, en &hellip; <a href=\"http:\/\/www.leadele.be\/?page_id=28\" class=\"more-link\">Continuer la lecture de <span class=\"screen-reader-text\">Conditions d&rsquo;achat<\/span> <span class=\"meta-nav\">&rarr;<\/span><\/a><\/p>\n","protected":false},"author":1,"featured_media":0,"parent":0,"menu_order":0,"comment_status":"closed","ping_status":"open","template":"","meta":{"footnotes":""},"yoast_head":"<!-- This site is optimized with the Yoast SEO plugin v23.5 - https:\/\/yoast.com\/wordpress\/plugins\/seo\/ -->\n<title>Conditions d&#039;achat - Chatterie de L\u00e9ad\u00e8le<\/title>\n<meta name=\"robots\" content=\"index, follow, max-snippet:-1, max-image-preview:large, max-video-preview:-1\" \/>\n<link rel=\"canonical\" href=\"http:\/\/www.leadele.be\/?page_id=28\" \/>\n<meta property=\"og:locale\" content=\"fr_FR\" \/>\n<meta property=\"og:type\" content=\"article\" \/>\n<meta property=\"og:title\" content=\"Conditions d&#039;achat - Chatterie de L\u00e9ad\u00e8le\" \/>\n<meta property=\"og:description\" content=\"Conditions d&rsquo;achat d&rsquo;un chaton Nous accordons une grande importance au bien-\u00eatre de nos chatons, c&rsquo;est pour cela \u00a0qu&rsquo;ils partent principalement comme CHAT DE COMPAGNIE. Dans de rares cas, nous acceptons de c\u00e9der nos chatons pour l&rsquo;\u00e9levage. Si vous souhaitez acqu\u00e9rir un chaton pour l&rsquo;\u00e9levage, merci de le signaler. Nos\u00a0b\u00e9b\u00e9s quitteront notre foyer \u00e0\u00a012-13 semaines, en &hellip; Continuer la lecture de Conditions d&rsquo;achat &rarr;\" \/>\n<meta property=\"og:url\" content=\"http:\/\/www.leadele.be\/?page_id=28\" \/>\n<meta property=\"og:site_name\" content=\"Chatterie de L\u00e9ad\u00e8le\" \/>\n<meta property=\"article:publisher\" content=\"https:\/\/www.facebook.com\/chatterieleadele\" \/>\n<meta property=\"article:modified_time\" content=\"2021-09-06T05:56:09+00:00\" \/>\n<meta name=\"twitter:card\" content=\"summary_large_image\" \/>\n<meta name=\"twitter:label1\" content=\"Dur\u00e9e de lecture estim\u00e9e\" \/>\n\t<meta name=\"twitter:data1\" content=\"1 minute\" \/>\n<script type=\"application\/ld+json\" class=\"yoast-schema-graph\">{\"@context\":\"https:\/\/schema.org\",\"@graph\":[{\"@type\":\"WebPage\",\"@id\":\"http:\/\/www.leadele.be\/?page_id=28\",\"url\":\"http:\/\/www.leadele.be\/?page_id=28\",\"name\":\"Conditions d'achat - Chatterie de L\u00e9ad\u00e8le\",\"isPartOf\":{\"@id\":\"https:\/\/www.leadele.be\/#website\"},\"datePublished\":\"2014-02-10T21:39:54+00:00\",\"dateModified\":\"2021-09-06T05:56:09+00:00\",\"breadcrumb\":{\"@id\":\"http:\/\/www.leadele.be\/?page_id=28#breadcrumb\"},\"inLanguage\":\"fr-FR\",\"potentialAction\":[{\"@type\":\"ReadAction\",\"target\":[\"http:\/\/www.leadele.be\/?page_id=28\"]}]},{\"@type\":\"BreadcrumbList\",\"@id\":\"http:\/\/www.leadele.be\/?page_id=28#breadcrumb\",\"itemListElement\":[{\"@type\":\"ListItem\",\"position\":1,\"name\":\"Accueil\",\"item\":\"https:\/\/www.leadele.be\/\"},{\"@type\":\"ListItem\",\"position\":2,\"name\":\"Conditions d&rsquo;achat\"}]},{\"@type\":\"WebSite\",\"@id\":\"https:\/\/www.leadele.be\/#website\",\"url\":\"https:\/\/www.leadele.be\/\",\"name\":\"Chatterie de L\u00e9ad\u00e8le\",\"description\":\"Chatterie British Shorthair Black Silver Tabby\",\"potentialAction\":[{\"@type\":\"SearchAction\",\"target\":{\"@type\":\"EntryPoint\",\"urlTemplate\":\"https:\/\/www.leadele.be\/?s={search_term_string}\"},\"query-input\":{\"@type\":\"PropertyValueSpecification\",\"valueRequired\":true,\"valueName\":\"search_term_string\"}}],\"inLanguage\":\"fr-FR\"}]}<\/script>\n<!-- \/ Yoast SEO plugin. -->","yoast_head_json":{"title":"Conditions d'achat - Chatterie de L\u00e9ad\u00e8le","robots":{"index":"index","follow":"follow","max-snippet":"max-snippet:-1","max-image-preview":"max-image-preview:large","max-video-preview":"max-video-preview:-1"},"canonical":"http:\/\/www.leadele.be\/?page_id=28","og_locale":"fr_FR","og_type":"article","og_title":"Conditions d'achat - Chatterie de L\u00e9ad\u00e8le","og_description":"Conditions d&rsquo;achat d&rsquo;un chaton Nous accordons une grande importance au bien-\u00eatre de nos chatons, c&rsquo;est pour cela \u00a0qu&rsquo;ils partent principalement comme CHAT DE COMPAGNIE. Dans de rares cas, nous acceptons de c\u00e9der nos chatons pour l&rsquo;\u00e9levage. Si vous souhaitez acqu\u00e9rir un chaton pour l&rsquo;\u00e9levage, merci de le signaler. Nos\u00a0b\u00e9b\u00e9s quitteront notre foyer \u00e0\u00a012-13 semaines, en &hellip; Continuer la lecture de Conditions d&rsquo;achat &rarr;","og_url":"http:\/\/www.leadele.be\/?page_id=28","og_site_name":"Chatterie de L\u00e9ad\u00e8le","article_publisher":"https:\/\/www.facebook.com\/chatterieleadele","article_modified_time":"2021-09-06T05:56:09+00:00","twitter_card":"summary_large_image","twitter_misc":{"Dur\u00e9e de lecture estim\u00e9e":"1 minute"},"schema":{"@context":"https:\/\/schema.org","@graph":[{"@type":"WebPage","@id":"http:\/\/www.leadele.be\/?page_id=28","url":"http:\/\/www.leadele.be\/?page_id=28","name":"Conditions d'achat - Chatterie de L\u00e9ad\u00e8le","isPartOf":{"@id":"https:\/\/www.leadele.be\/#website"},"datePublished":"2014-02-10T21:39:54+00:00","dateModified":"2021-09-06T05:56:09+00:00","breadcrumb":{"@id":"http:\/\/www.leadele.be\/?page_id=28#breadcrumb"},"inLanguage":"fr-FR","potentialAction":[{"@type":"ReadAction","target":["http:\/\/www.leadele.be\/?page_id=28"]}]},{"@type":"BreadcrumbList","@id":"http:\/\/www.leadele.be\/?page_id=28#breadcrumb","itemListElement":[{"@type":"ListItem","position":1,"name":"Accueil","item":"https:\/\/www.leadele.be\/"},{"@type":"ListItem","position":2,"name":"Conditions d&rsquo;achat"}]},{"@type":"WebSite","@id":"https:\/\/www.leadele.be\/#website","url":"https:\/\/www.leadele.be\/","name":"Chatterie de L\u00e9ad\u00e8le","description":"Chatterie British Shorthair Black Silver Tabby","potentialAction":[{"@type":"SearchAction","target":{"@type":"EntryPoint","urlTemplate":"https:\/\/www.leadele.be\/?s={search_term_string}"},"query-input":{"@type":"PropertyValueSpecification","valueRequired":true,"valueName":"search_term_string"}}],"inLanguage":"fr-FR"}]}},"_links":{"self":[{"href":"http:\/\/www.leadele.be\/index.php?rest_route=\/wp\/v2\/pages\/28"}],"collection":[{"href":"http:\/\/www.leadele.be\/index.php?rest_route=\/wp\/v2\/pages"}],"about":[{"href":"http:\/\/www.leadele.be\/index.php?rest_route=\/wp\/v2\/types\/page"}],"author":[{"embeddable":true,"href":"http:\/\/www.leadele.be\/index.php?rest_route=\/wp\/v2\/users\/1"}],"replies":[{"embeddable":true,"href":"http:\/\/www.leadele.be\/index.php?rest_route=%2Fwp%2Fv2%2Fcomments&post=28"}],"version-history":[{"count":7,"href":"http:\/\/www.leadele.be\/index.php?rest_route=\/wp\/v2\/pages\/28\/revisions"}],"predecessor-version":[{"id":436,"href":"http:\/\/www.leadele.be\/index.php?rest_route=\/wp\/v2\/pages\/28\/revisions\/436"}],"wp:attachment":[{"href":"http:\/\/www.leadele.be\/index.php?rest_route=%2Fwp%2Fv2%2Fmedia&parent=28"}],"curies":[{"name":"wp","href":"https:\/\/api.w.org\/{rel}","templated":true}]}}